/2 - 27*m + 5. Let r be f(-9). What is the greatest common divisor of o and r?
9
Let n(z) = -2*z**3 - 15*z**2 + 8*z + 28. Let y be n(-8). Calculate the greatest common factor of y and 12.
4
Let c = 187 + 1469. What is the greatest common divisor of 144 and c?
72
Suppose 20 = -4*t, 5*x + 36 = 4*t - 199. Suppose 4*w - 483 = -135. Let g = x + w. Calculate the highest common divisor of 54 and g.
18
Let m be 403051/297 - (-6)/(-81). What is the greatest common factor of m and 46?
23
Let k = 223 - 174. What is the highest common divisor of 2548 and k?
49
Let a(r) = -r**2 + 46*r - 79. Let u be a(33). Calculate the greatest common factor of u and 14.
14
Suppose 0 = -5*g + 11*g - 192. Suppose 2 = -3*x + 146. What is the highest common factor of x and g?
16
Suppose -v = 4*v - 100. Let g = 377 - 177. Suppose 5*i - i = g. Calculate the highest common divisor of v and i.
10
Suppose 5*m + 525 = 2*z, -z + 8*m = 7*m - 261. Calculate the greatest common divisor of 60 and z.
20
Let j(r) = -2*r**3 - 48*r**2 + 32*r - 30. Let z be j(-25). Calculate the highest common factor of z and 175.
35
Let a = 47 + -5. Suppose 8 = -4*h + 4, 0 = 2*o + h - 11. What is the greatest common factor of a and o?
6
Suppose 6*z - 7*z + 32 = 0. What is the highest common divisor of 224 and z?
32
Let u(x) = 29*x**3 + 8*x**2 + 2. Let l be u(2). Calculate the highest common divisor of 140 and l.
14
Suppose -10*f + 382 = -1238. Calculate the greatest common divisor of f and 108.
54
Suppose 6*g - 2492 = -s + 5*s, 0 = 2*g - 4*s - 820. Calculate the greatest common divisor of g and 22.
22
Let n = -3 + 11. Let x = -22 - -26. Suppose -s + 27 = -0*a - a, 0 = x*s - 5*a - 111. Calculate the greatest common factor of s and n.
8
Suppose 42 = 3*l - 0. What is the greatest common divisor of 119 and l?
7
Suppose 2*t + 11 = 15. Suppose t*m - 2*h = 26, -4*m - 2*h + 0*h + 52 = 0. What is the highest common factor of m and 65?
13
Let k(o) = -4*o**2 + 13*o + 6. Let h be k(4). Let f be (822/(-4))/(h/8) - 4. Calculate the greatest common factor of 30 and f.
30
Suppose -63 = -2*z + 57. Let m be (-14)/(-3*8/z). Calculate the highest common factor of 5 and m.
5
Let w = 439 - 320. What is the greatest common divisor of w and 221?
17
Let w be 2 - ((-30)/(-4))/(-3)*10. Suppose 3*u - 18 = 3*g + w, 3*u + 4*g = 10. Calculate the highest common divisor of 80 and u.
10
Suppose 36 = 3*k - m - 17, -k + 23 = m. Calculate the highest common divisor of 551 and k.
19
Let n(r) = r**2 + 3*r - 4. Let i be n(4). Suppose -h - 2*m - 2 = -0*m, 3*h = -5*m - 4. Suppose 8 = -h*c + 3*c. What is the greatest common factor of c and i?
8
Let a(v) = v**3 - v**2 - 10*v + 2. Let u(w) = -w**3 + 7*w**2 - 7*w + 11. Let n be u(6). Let c be a(n). Calculate the highest common factor of c and 78.
26
Let z(y) = -8*y - 28. Let j be z(-9). Suppose 0 = 4*t + 16, 5*t - 4*t + j = 5*m. What is the highest common divisor of 4 and m?
4
Suppose 0 = 9*d - 35 - 10. Suppose z - 3*s - 61 = 0, -3*s = d*z - 2*s - 273. What is the greatest common factor of 22 and z?
11
Suppose -i = 4*z - 791, 4*z - i - 479 - 322 = 0. Let v = -158 + z. What is the greatest common divisor of 123 and v?
41
Suppose -b = 2*t - 3 - 1, 7 = 2*b + 5*t. Suppose 0 = 32*i - 27*i - 120. What is the highest common divisor of i and b?
6
Let i = -1037 - -1145. Calculate the highest common divisor of i and 300.
12
Suppose -4*v - 3 = y, y + v = 7 + 2. Let g(b) = 3*b**2 + 6*b + 25. Let o be g(-7). What is the highest common divisor of y and o?
13
Let y be (-2382)/(-8) - (-48)/(-64). Suppose -5*u = -103 - y. Suppose 4*j = z - 1 - 1, -4*z + 5*j = -30. Calculate the greatest common divisor of z and u.
10
Let m be (1 - -4 - 5) + 156. What is the greatest common factor of 36 and m?
12
Let n(j) = -3*j**2 + 61*j - 236. Let p be n(14). What is the highest common factor of 1410 and p?
30
Suppose -12*u - 8 = -14*u. Suppose -5*v = 4*t - 133, -u*v + 101 = -2*t + 5*t. Calculate the highest common factor of t and 36.
9
Let t(v) be the third derivative of v**5/60 - 5*v**4/24 + 4*v**3/3 + 18*v**2. Let h be t(5). Calculate the greatest common divisor of 64 and h.
8
Suppose 0 = -5*g - 5*v + 255, g + 2*v - 45 = -v. Let a be 6 - 11 - -1*11. Calculate the greatest common factor of a and g.
6
Suppose 0 = 8*m - 7*m - 150. Suppose f + 4*f = m. Calculate the greatest common divisor of f and 20.
10
Let i(s) = -2*s + 100. Let z be i(0). Let o = 220 - z. Calculate the greatest common divisor of 12 and o.
12
Let p be (-266)/(-6) - (-2 - 30/(-9)). Calculate the greatest common factor of 301 and p.
43
Suppose -44*v + 1051 = -4185. What is the greatest common divisor of 340 and v?
17
Suppose -b - 5*x = -49, -3*b + 219 - 127 = 4*x. Calculate the highest common factor of b and 3.
3
Suppose 0 = v + 3*d - 3, -2*d + 1 = -v - 1. Suppose 4*n = -v*n + 60. What is the highest common factor of n and 10?
5
Let f = -44 - -17. Let t = -18 - f. Let n(a) = 17*a**2 - a. Let c be n(-1). Calculate the highest common divisor of t and c.
9
Suppose 0 - 4 = -2*c + f, 0 = c + 4*f + 16. Suppose -3*o + 32 + 34 = c. Let g = o - 7. Calculate the greatest common divisor of 15 and g.
15
Let l(m) = -29*m. Let q be (-200)/60*(-12)/10. Let o be l(q). Let u be (-5)/(0 - (-4)/o). What is the greatest common factor of u and 29?
29
Let r(f) = -f**3 - 9*f**2 - 14*f. Let s be r(-7). Suppose s*x - 170 = -x. Let b = -121 + x. What is the highest common factor of b and 7?
7
Suppose -3*g - 4*y = -50, g + 3*y - 9 = 16. Let a = g - 9. Let u = 1 - 0. What is the greatest common divisor of u and a?
1
Suppose -8 = 4*x - 5*m - 24, 4*m = -3*x + 12. Let k = -44 + 60. What is the highest common factor of k and x?
4
Let k be (-1415)/(-4) + 7/(1 + 27). What is the highest common divisor of k and 531?
177
Let h be 4848/54 + (-6)/(-27). Let o = -60 + 120. Calculate the highest common factor of h and o.
30
Let s = -6 + 8. Let q be (-792)/(-108) - (-2)/3. What is the highest common factor of q and s?
2
Let g be ((-5)/(-1))/((-1)/(-1)). Suppose -20 = 8*y - 12*y. Calculate the highest common divisor of g and y.
5
Let l(q) = -q**3 - 12*q**2 + 11*q. Let s be l(-13). Calculate the highest common factor of s and 39.
13
Suppose 2*m = -5*v + 43 + 6, -2*m + 4 = -4*v. Suppose 50 = -6*r + r. Let x be 8/r*45/(-6). What is the highest common factor of m and x?
6
Suppose -2*y + 114 = 3*a, 390*a = 3*y + 393*a - 168. Suppose -2*b = -273 - 483. What is the highest common divisor of y and b?
54
Let u(d) = -d**2 - 19*d + 48. Let w be u(-13). Calculate the greatest common factor of w and 7.
7
Suppose -3*h + 144 = o - 33, 2*o + 246 = 4*h. Let t(d) = 12*d**2 - 3*d + 3. Let q be t(2). Calculate the greatest common divisor of q and h.
15
Suppose 33*i - 36*i - 18 = 0. Let m be (1 + (i - -4))*-13. Calculate the greatest common divisor of m and 117.
13
Let z = 121 - 93. Calculate the highest common divisor of z and 126.
14
Let l(q) = -4*q**2 - q + 5. Let k(d) = -d**2 - d. Let o(v) = -5*k(v) + l(v). Let a be o(-5). Calculate the highest common factor of 10 and a.
10
Suppose -3*c - 56 = -k, -5 = -k - 4*c + 23. Let h = -23 + 45. Calculate the greatest common factor of k and h.
22
Let d(b) = -15 - b + b - b**2 - 5*b - 11*b. Let q be d(-13). What is the greatest common factor of q and 16?
8
Suppose -d - 4*d + 20 = 0. Suppose 3*f - 141 = -7*y + 2*y, -y + d*f + 19 = 0. What is the greatest common factor of y and 18?
9
Let a(b) = b**2 - 18*b - 32. Let j be a(-2). Calculate the highest common divisor of 56 and j.
8
Let m = 74 + -38. Suppose 5*i - 150 = -4*p, -p + 3*i + m = -10. What is the highest common factor of p and 5?
5
Suppose -520 = -5*v + 5*r, -5*v + 0*r = 3*r - 552. What is the greatest common factor of 12 and v?
12
Let n(y) = 3*y - 4. Let o = -70 + 18. Let m be (o/91)/((-2)/7). Let k be n(m). What is the highest common divisor of k and 4?
2
Let v = 5447 - 3889. What is the greatest common factor of v and 82?
82
Let p = -49 + 578. Calculate the greatest common factor of p and 92.
23
Suppose -15*j = -1908 - 567. Calculate the highest common factor of 105 and j.
15
Let b be 7/(-98) - (-927)/42. What is the greatest common divisor of b and 77?
11
Let l = 15 + -10. Suppose -18*s + 1260 = -4*s. Suppose l*v - s = -0*v. Calculate the greatest common factor of v and 45.
9
Suppose 2 = 2*p - 348. Calculate the highest co